d by w?
6
Let g(m) = 2*m**2 - 2*m - 1. Let c be g(2). Suppose c*j - 3 = 60. Calculate the remainder when 41 is divided by j.
20
Suppose 16 = 3*b + 4*m, 0 = 5*b + 4*m - 32 + 16. Suppose b = -27*f + 31*f - 592. What is the remainder when f is divided by 26?
18
Let g(w) = -w**2 + 37*w - 181. Let c be g(6). Let i = 1 + 4. Suppose -c*h = 2*d - 487, -i = -5*d - 25. What is the remainder when h is divided by 17?
14
Let d(n) = 13*n + 1192. Calculate the remainder when 1329 is divided by d(-86).
71
Let y = 134276 - 134264. Let h = 480 - 255. Calculate the remainder when h is divided by y.
9
Let d(m) = 15*m**3 + 19*m**2 + 10*m**3 - 29*m - 13 - 26*m**3. What is the remainder when d(17) is divided by 15?
12
Let t(l) = -1056*l + 3. Let m be t(2). Calculate the remainder when 515 is divided by m/(-19)*(-1 + (-10)/(-6)).
71
Let a(n) = 7*n**2 + 37*n - 55. Calculate the remainder when a(3) is divided by 70.
49
Calculate the remainder when 417 is divided by (-157)/2041 - (-1224)/26.
41
Let q(w) = 21*w**2 - 1412*w + 377. Let o(v) = -v**3 + v**2 + 2*v - 2. Calculate the remainder when q(67) is divided by o(-3).
14
Let n = 4505 - 4308. Calculate the remainder when n is divided by 192.
5
Let a = 68 - 33. Suppose a = -8*h + 9*h. Suppose -5*y = 161 - 171, 4*y + 62 = 5*z. What is the remainder when h is divided by z?
7
Suppose 2*h - 14 = -a + 4*a, -h + 2*a = -8. Suppose -2*y + h*y - 114 = 0. Calculate the remainder when y is divided by 23 + (-2)/(-3) + (-35)/21.
13
Suppose -138*j = -21559 + 4999. Calculate the remainder when 204 is divided by j.
84
Let m(l) = -6*l**2 + 4*l**3 - 3*l**3 - 6 - l + 2 + 1. Let t(c) = 26*c**2 - 131*c + 12. Let v be t(5). What is the remainder when m(v) is divided by 25?
14
Let n(s) = -663*s - 85. Let a be n(-3). Calculate the remainder when 31 is divided by a/(-392)*14/(-4).
14
Suppose -453 = a - 3*d, -3*a - 4*d + 3*d - 1399 = 0. Let y be 4/(-32)*-6 - a/(-12). Calculate the remainder when (-290)/(-4)*(5 - y/(-10)) is divided by 10.
7
Let d(j) = j**3 + 31*j**2 - 166*j + 142. What is the remainder when d(-35) is divided by 43?
20
Suppose p + 88*c - 86*c - 209 = 0, 4*p - 818 = c. Calculate the remainder when 1842 is divided by p.
202
Suppose 4*r = -2*d + 40 + 2, -4*d = -r - 48. Let z = 1125 + -929. Suppose z = -13*q + 859. What is the remainder when q is divided by d?
12
Suppose t - 11 = 5*j - 0, -4*j + 171 = 5*t. Suppose -3*s - 1 = -3*g + 17, -5*g = -4*s - 27. Calculate the remainder when t is divided by 6 - g - 4*-2.
9
Suppose 0 = -3*n - 6*n - 81. Let b(t) = 7 + 0*t - t - 2 + 4. What is the remainder when 64 is divided by b(n)?
10
Let w(c) = -1522*c - 9063. What is the remainder when 204 is divided by w(-6)?
66
Let h = -7928 - -8153. Calculate the remainder when h is divided by 190.
35
Let z be (2 - 0)/((-5)/370). Let y = z - -155. What is the remainder when 291 is divided by y?
4
Suppose 0*g - 3*g + 41414 = 4*f, 0 = 3*g + 2*f - 41416. Suppose -40*l + g = -l. What is the remainder when l is divided by 24?
18
What is the remainder when (4 - 3729/(-6)) + (6/(-3))/(-4) is divided by 202?
20
Let q = -6778 + 10617. What is the remainder when q is divided by 80?
79
Let j(l) = -l**2 + 10*l + 4610. What is the remainder when ((-393)/(-12))/(2/8) is divided by j(-63)?
10
Let y = 78 + -67. Suppose -10*q + y*q - 73 = 0. What is the remainder when q is divided by 25?
23
Let g(w) = -w**3 - 12*w**2 + 12*w + 12. Suppose -4*c = 4*a - 164, 3*c + a = 88 + 27. Let r = c + -26. Calculate the remainder when g(-13) is divided by r.
3
Let r = 17937 - 16610. Calculate the remainder when r is divided by 121.
117
Let z = -4 - -12. Let l(y) = -2*y**3 - 17*y**2 - 5*y + 16. Let r be l(-8). Calculate the remainder when z is divided by r/14*(0 + -7).
0
Calculate the remainder when 179 + 1 + -4*(-4)/(-8) is divided by (-340)/90 - -4 - (-320)/18.
16
Suppose 0 = 3*r - 2 + 14. Let n be (-162)/r - (-5)/(-10). Suppose -3*i = -2*c + i + n, -20 = -c + 5*i. Calculate the remainder when 98 is divided by c.
18
Suppose 5*m - 3*h = 42, m + 2*h + 10 = -2*h. Suppose 0 = -m*y + 2*y + 8. Let x(j) = 4*j + 2. Calculate the remainder when x(2) is divided by y.
0
Suppose -5*l + 15 = 0, -4*z - 31 + 256 = -l. Calculate the remainder when 157 is divided by 0 + (0 - 3) + -13 + z.
34
Let x be (-7 - 1 - -7)/((-1)/8). Let g(p) = -2*p**2 - 20*p + 2*p - x*p + 12. What is the remainder when 57 is divided by g(-13)?
9
Suppose -2*o + 93 = 7*d, 7*d = 12*d - 5*o - 105. What is the remainder when 1348 is divided by d?
13
Suppose 2*t = 2*v + 124, -191 = -5*t - v + 101. Let p(k) = 4*k**2 + 2*k - 8. Calculate the remainder when p(10) is divided by t.
58
Let h = -15359 + 28742. What is the remainder when h is divided by 46?
43
Let z be 437*-1 + 5/((-25)/20). Let t = z + 472. Calculate the remainder when 123 is divided by t.
30
Suppose 14722 = -12*f + 15598. Calculate the remainder when 1273 is divided by f.
32
Let a = -388411 - -388430. Let t(d) = -2*d - 1. Let u be t(-2). Suppose -r + u*v + 14 = -6, 2*v + 8 = 0. Calculate the remainder when a is divided by r.
3
Let w(d) = 28*d + 12. Suppose 4*v = -5*v - 27. Let l be w(v). Let m = -53 - l. What is the remainder when 50 is divided by m?
12
Let d(v) = 9*v**2 - 6. Let c be d(2). Suppose 10*l - 240 = c. What is the remainder when 96 is divided by l?
15
Let h = 2635 + -1785. Let f = h - 847. Suppose 2*i = -0*i + 30. What is the remainder when i is divided by f?
0
Suppose -3*m + 25 = -8. Let i(q) = -q**3 + 14*q**2 - 11*q + 23. Let b be i(13). What is the remainder when 426/14 + 273/b + -6 is divided by m?
8
Let l be 330/20*(0 + -2)/(-1). Let j be 2/8 - (1 + l/(-12)). Suppose j*i = 40 - 8. Calculate the remainder when 63 is divided by i.
15
Let w(o) = -70*o + 413. What is the remainder when 424 is divided by w(5)?
46
Let b(q) = -46*q - 24. Let p be b(-9). Suppose -7*l + 10*l - p = 0. What is the remainder when l is divided by 35?
25
Let y(q) = 5*q**3 + 6*q**2 - 23*q + 15. What is the remainder when 722 is divided by y(2)?
29
Let k(a) = 2*a**3 + 4*a**2 - 4*a. Let b(n) = -49*n - 125. Let z be b(-5). Suppose -9*g = -12*g + z. What is the remainder when k(3) is divided by g?
38
Suppose 4*d = -20, -2*y - d + 0*d = -347. Suppose -4*i - 4*i + y = 0. Calculate the remainder when i is divided by (-245)/(-20) + 6/8.
9
Let n = -213 - -82. Let s = 150 + n. What is the remainder when 92 is divided by s?
16
Let i(o) = 37*o - 4. Let c be i(-4). Calculate the remainder when (-2 - 3)/(8/c) is divided by 9.
5
Let k(p) = 76*p - 6. Suppose -18*v = -28 + 10. What is the remainder when 221 is divided by k(v)?
11
Calculate the remainder when 1411 is divided by (0 - -1)/((-17)/153) - -11.
1
Suppose -5*k - 2*n = -18475, 136*k - 135*k - 3707 = 2*n. What is the remainder when k is divided by 74?
71
Suppose 4*y = 5*g - 4, -12 = y + 8*g - 12*g. Suppose -6*l = -y*l - 570. What is the remainder when l is divided by 41?
39
Calculate the remainder when 510 is divided by -5 + (3860 + -10)/11*3/6.
0
Suppose -52 - 12 = -2*o. Let s = 69 + -69. Suppose -112 + 479 = 3*y - 2*j, y + 5*j - 145 = s. What is the remainder when y is divided by o?
29
Let k = 5 + -12. Let d(u) = -u**2 - 11*u - 11. Let b be d(k). Suppose 0*r = r - b. What is the remainder when 67 is divided by r?
16
Let l(v) = 10*v**2 - 9*v + 210. What is the remainder when l(-6) is divided by 23?
3
Let v(o) = 2*o**3 + 33*o**2 - 2*o + 29. What is the remainder when 956 is divided by v(0)?
28
Suppose -101*g = -96*g. Suppose g*u = -12*u + 276. What is the remainder when 54 is divided by u?
8
Let i(f) = -4 - f**2 + 3 + 8 - 11*f. What is the remainder when 197/4 - (-2)/(-8) is divided by i(-9)?
24
Let h(v) = v**2 + 88*v - 356. Calculate the remainder when 467 is divided by h(4).
11
Let y(z) = -2*z**3 + 37*z**2 - 20*z + 106. What is the remainder when y(18) is divided by 29?
12
Let y(z) = -z**2 - 39*z - 61. Let g be y(-33). Let c = g + -41. Calculate the remainder when c is divided by 33.
30
Suppose -187*g + 7001 = 1017. What is the remainder when 215 is divided by g?
23
Calculate the remainder when 30 is divided by (7 + -2)*((-117)/99 + 1)*-33.
0
Let w(x) be the second derivative of x**4/6 - x**3/2 - 2*x**2 + 43*x. What is the remainder when 44 is divided by w(3)?
4
Suppose 8*o + 2184 = 32*o. Calculate the remainder when 535 is divided by o.
80
Su